late the remainder when 34 is divided by a.
10
Let z(u) = -2*u + 6. Let v be z(-1). Suppose v*b - 696 = 840. Calculate the remainder when b is divided by 14.
10
Suppose 5*c = 2*v - 9, -6*c + 15 = -c. Let h be 11/((-55)/(-420)) + 6. Suppose -s + h = -v. Calculate the remainder when s is divided by 21.
18
What is the remainder when 130 is divided by 3410/(-1085)*(-21)/6*2?
20
Suppose 2 = -2*g - 4*u, 5*g = 2*u - 8 + 3. Let a be (-38 - g - -2 - -2)/1. Let o = 36 + a. Calculate the remainder when 13 is divided by o.
1
Calculate the remainder when 351/243*-9 - -2233 is divided by 39.
36
Suppose -3*i - 4*z + 124 = 0, 33*z - 20 = 28*z. What is the remainder when 4102 is divided by i?
34
Let v = -55 + 57. Suppose 5*r - 80 = -2*y - 0*y, v*r - y = 23. Calculate the remainder when (-441)/(-8) + (-2)/16 is divided by r.
13
Suppose 173*q - 775 = 148*q. What is the remainder when 895 is divided by q?
27
Let k(l) = -l**3 - 24*l**2 - 13*l - 100. Let a be k(-24). Let d = 447 - a. What is the remainder when d is divided by 48?
43
Let u be (166/(-5))/(-2) + 6/15. Let l(i) = i**2 - 7*i + 81. Calculate the remainder when l(u) is divided by 42.
41
Let x(u) = -u**3 + 33*u**2 - 48*u - 213. Calculate the remainder when x(30) is divided by 208.
7
Let u(z) = 23*z + 167. Let v be u(18). Let f = v - 568. What is the remainder when f is divided by 5?
3
Let t = -3105 - -3162. What is the remainder when 257 is divided by t?
29
Calculate the remainder when (710/8)/(78/624) is divided by 84.
38
Let q = 11 + 19. Suppose 5*b - b - 4 = x, 0 = 5*x + 5*b - q. Suppose -5*v = 25, 3*h - x*h + 4*v = -25. What is the remainder when h is divided by 3?
2
Let d(s) be the second derivative of s**3/3 - 18*s**2 + 3*s + 12. Let t be d(27). Calculate the remainder when 220 is divided by t/(-14) - -1 - 8668/(-154).
52
Let q(x) = 24*x + 17. Let s be q(41). Suppose -5*k + 1071 - s = 0. Calculate the remainder when 48 is divided by k.
6
Let n(m) be the first derivative of 2*m**2 + 18*m + 21. Let r be n(-4). Suppose 10 = i - s, i + r*s = -i. Calculate the remainder when 10 is divided by i.
0
Calculate the remainder when 1/((-23706)/3387 - -7) is divided by 87.
85
Suppose -v + 4*i = -100, -3*v + 93 = -4*i - 159. Calculate the remainder when 1060 is divided by v.
72
Let n(j) = 3*j**3 - 21*j**2 + 4*j + 8. Suppose -5*z + 0 = -35. What is the remainder when 213 is divided by n(z)?
33
Let y = -200 + 214. Suppose 9*a = 4*a + 45. What is the remainder when y is divided by a?
5
Suppose 5*h = 196*t - 191*t + 1230, -5*h - 3*t = -1190. Calculate the remainder when h is divided by 69.
34
Let l = -245 + 294. What is the remainder when l is divided by (-3 + (-21)/(-9))/(4/(-42))?
0
Suppose 22*l = -71*l + 383 + 3151. Let r(g) = -8*g - 1. What is the remainder when l is divided by r(-2)?
8
Let x(a) = 4*a + 33. Let h(u) = 2. Let l(j) = 22*h(j) - 2*x(j). Calculate the remainder when l(-10) is divided by 24.
10
Let t = -21189 + 27757. What is the remainder when t is divided by 10?
8
Suppose 0 = b + y - 384, 0 = 6*b - 8*y + 13*y - 2309. Calculate the remainder when b is divided by 23.
21
Let x = -146 + 152. Suppose -x*s + 49 = -83. Calculate the remainder when 64 is divided by s.
20
Suppose -4*h = -3*y - 4 + 17, 2*y = 3*h + 9. Calculate the remainder when 3*y/(-9)*(-37 - -5) is divided by 18.
14
Let f(z) = 12*z**2 + 4*z + 3. Let q be f(-2). Let c = 62 + q. Let h = c + -73. Calculate the remainder when h is divided by 12.
8
Let b(x) = 50*x - 5149. Calculate the remainder when b(106) is divided by 80.
71
Let w be (-82)/((-7)/((-42)/4)). Suppose 0 = 3*i - 57 - 6. What is the remainder when (2 + w)/((-20)/20) is divided by i?
16
Let b(l) be the first derivative of 18*l + 13/2*l**2 + 1/3*l**3 - 43. Calculate the remainder when b(-13) is divided by 3.
0
Let u(t) = -t**2 + 137*t - 597. Calculate the remainder when u(109) is divided by 12.
7
Let w(t) = -t**3 + 9*t**2 - 9*t + 19. Let i be w(8). Let y(u) = -i*u - 18*u + u + 18 + 2*u. What is the remainder when y(-5) is divided by 15?
13
Suppose 0*m + 5*m = 0, 19 = -q + 2*m. Let n = 37 + q. Calculate the remainder when 1912/18 + 2/(-9) is divided by n.
16
Suppose -3 = 4*c + 9, 1 = o + 2*c. Suppose 273 = o*r - 28. Suppose 2*f - z = -0*f + 50, -2*z - 76 = -3*f. Calculate the remainder when r is divided by f.
19
Let n = -70 + -42. Let k be -2 + 1/(n/(-38) - 3). Let r = 83 + k. What is the remainder when r is divided by 16?
14
Suppose -16*z + 40 = -20*z. Let s be 1*-1*(z + 8 + -3). Calculate the remainder when 103 + (3 - (11 - s)) is divided by 13.
9
Let u(r) = -3*r**2 + 7*r - 10. Let y be u(3). Let d(b) = -12*b + 14. Calculate the remainder when d(y) is divided by -5 - (1 + -2)/(1/31).
24
Suppose 2*f + 3*f = 1075. Let l be ((-138)/(-8))/(1 - (-18)/(-16)). Let i = f + l. What is the remainder when i is divided by 20?
17
Suppose -8*n = -11*n + 5*b + 297, -b - 97 = -n. What is the remainder when 473 is divided by n?
3
Let n(g) = -17*g**2 - 513*g - 44. Suppose 300 = -37*y + 39*y. What is the remainder when y is divided by n(-30)?
12
Calculate the remainder when 1076 - 3/2*3*32/(-48) is divided by (-2)/6 - 910/(-39).
21
Suppose 0 = -4*k - 0 + 20. Let p = 178 + -170. Suppose p - 12 = -4*o. What is the remainder when k is divided by o?
0
Suppose 0 = 3*t - 3*c - 4674, 4*t - c - 8387 + 2134 = 0. Calculate the remainder when t is divided by 6.
5
Let g be 4/(-6)*-39 - (-20)/4. Suppose -g = -3*k - 4*x + 25, 3*k - 5*x = 92. Calculate the remainder when 91 is divided by k.
19
Suppose 2*u = -2*u + 292. Suppose -6*n + 76 = -29*n - 52*n + 1201. What is the remainder when u is divided by n?
13
Let g = -2278 + 2324. What is the remainder when 166 is divided by g?
28
Let o = -648 + 649. Suppose -5*i = -46 + o. Calculate the remainder when 134 is divided by i.
8
Suppose -30*z + 28*z = -146. Let d = 6 - z. Let i = 112 + d. What is the remainder when i is divided by 16?
13
Suppose 25 = i - 4*m, -2*i = -5*i + 4*m + 51. Let r be (5915/10)/i + (-3)/(-2). Suppose 32 = -46*a + r*a. Calculate the remainder when 127 is divided by a.
31
What is the remainder when (-8)/1 - ((-5 - 0) + -107) is divided by 48?
8
Suppose 9 = 3*o - 57. Suppose 0 = -x + 5*r + 79, 3*x = 4*r + 92 + 112. What is the remainder when x is divided by o?
20
Let j(q) = -q**2 - 2*q + 3. Let l be j(2). Let n(k) = -k**3 - 3*k**2 + 4*k + 2. Let m be n(l). Calculate the remainder when 54 is divided by m + (2 - (5 + 1)).
26
Let u = 81 + -68. Let p = 446 - -86. Calculate the remainder when p is divided by u.
12
Suppose -v = 2*r - 1204, v + r + 3*r - 1216 = 0. Calculate the remainder when v is divided by 300.
292
Calculate the remainder when (12/(-21))/(-2) + 22800/266 is divided by 4.
2
Let n(v) = v**2 - 13*v - 78. Let l be n(18). Suppose 0 = 4*u - l, 0 = -21*x + 17*x + 5*u + 109. What is the remainder when 41 is divided by x?
10
Let k(t) = -t**3 + 35*t**2 - 38*t - 502. What is the remainder when k(25) is divided by 5?
3
Suppose 3805 = q + 5*d, -q - d = -5*d - 3841. Calculate the remainder when q is divided by 116.
113
Let d(z) = -80*z + z**2 + 33 - 2*z**3 - 8*z**2 + 28 + 90*z. What is the remainder when 293 is divided by d(-4)?
34
Suppose -151 = -3*k + 75*x - 74*x, -3*k = -2*x - 146. What is the remainder when 100 is divided by k?
48
Suppose -q - 13*q = -136 + 52. Calculate the remainder when 21 is divided by q.
3
Suppose 2*t = 5*t - s - 15, -4*t + 7 = 3*s. Suppose -t*w - 12*w + 448 = 0. Calculate the remainder when w is divided by 8.
4
Suppose v = 1, -7*v = -5*h - 6*v + 184. Let w(o) = 37*o - 487. Calculate the remainder when w(18) is divided by h.
31
Suppose -6*u = -13*u + 287. Let i = -5586 + 5790. What is the remainder when i is divided by u?
40
What is the remainder when (-4)/((-8)/(-45))*13800/(-207) + -5 is divided by 214?
211
Let a be 4/3 - (-2)/(-6). What is the remainder when 22*(a - 0) + 0 is divided by -2 + (-8)/(-3) + 5575/669?
4
Let f be 0 + 14 + -3 - -1. Suppose 11*x = 7*x + f. Suppose -41*g + 76 = -22*g. What is the remainder when g is divided by x?
1
Let w(f) = 19342*f**3 - 4*f**2 - 1. Calculate the remainder when w(1) is divided by 22.
21
Let j be 17856/90*10/4. Let m = -478 + j. What is the remainder when m is divided by 8?
2
Let l = 236 - -709. Calculate the remainder when l is divided by 43.
42
Let k(s) = 4*s - 44. Let p be k(